**2 + 1/2*x**3 + 1/60*x**5 + 1/3*x**4 + 0 + 0*x. Give d(-7).
-4
Suppose 18 = u + 3*o - 6, -8 = -u + o. Let c(z) = -5*z + 2 - z + u*z - 4*z - z**2 - 6*z. Let l(w) = -w. Let h be l(4). Determine c(h).
2
Let p(h) = -33*h - 150. Suppose 0 = -7*b + 3765 - 3800. Determine p(b).
15
Let y(w) = 2*w + 4. Suppose -2*t = n - 2*n + 83, 0 = -5*n + 4*t + 409. Suppose 5*u = 51 - n. Calculate y(u).
-8
Let t = 21839 - 21828. Let v(p) = p**3 - 9*p**2 - 22*p + 4. Determine v(t).
4
Suppose -5*n + 22 = 7. Let z(u) = n + 4 + 9*u - 3*u + u**2 - 3*u. Let m(w) = -5*w**2 - w + 1. Let s be m(1). Determine z(s).
17
Let v = -276 + 285. Suppose v*u = 41*u. Let g(p) = p**3 + p**2 - 2*p - 2. What is g(u)?
-2
Let q = 1183 - 1183. Let r(l) = -9*l + 4. Give r(q).
4
Let h be ((-20)/(-6))/((-22)/(-198)). Let a(j) = -6*j + 1 - 24*j + h*j - 4*j. Let d be ((-1)/(-2))/(4/(-24)). Give a(d).
13
Let c(h) = 7*h**2 + 4*h**2 + 3 + 6*h**2 - 4. Let v(d) = 11*d**2 + d - 2. Let g(f) = 2*c(f) - 3*v(f). Determine g(1).
2
Let k(m) = 2*m**2 + 7*m - 32. Let z be (-14)/(-133) - (0 - 16/(-152)). Give k(z).
-32
Let h(n) = n - 4. Let t = 626 - 627. What is h(t)?
-5
Let l(f) = -f**2 + 3*f + 6. Let g(x) = 13*x + 5 - 11*x - 7*x + x**2 - 4*x. Let k be g(9). Calculate l(k).
-4
Let z(l) = -8*l**2 - l**3 + 17*l + 3 - 2*l**2 - l**2 - 1 + 12*l**2. Give z(5).
-13
Let g be ((-336)/(-308))/(8/44). Let u(t) = 7*t - 41. Calculate u(g).
1
Let i(q) = -q - 20*q - 14*q + 14 + 4 - 16. Give i(-1).
37
Let x = -2191 - -2183. Let h(p) = p**3 + 8*p**2 - p + 36. What is h(x)?
44
Let m(z) = -z**3 + 3*z**2 - 2*z - 1. Suppose 3*k + 2*k - 151 = q, -2 = 2*q. Let b be (-6)/k + 41/5. Let o be (b/(-14))/((-10)/35). Give m(o).
-1
Let r be (-2)/10 - (-5 - (-12220)/25). Let w = r + 486. Let f(t) be the third derivative of t**5/60 - t**4/24 - t**3/6 + t**2. Calculate f(w).
1
Let x(f) = -8 - 89*f**3 + 3 + 90*f**3 + 0 + 2 - 3*f + 3*f**2. Suppose -4*c = -0*c + 2*b + 4, -4*c - 4*b = -4. Give x(c).
6
Let x(f) = f**3 - 3*f**2 - 4*f + 5. Suppose -69*b + 73*b - 244*b = -960. What is x(b)?
5
Suppose 0 = 20*x - 19*x - 5. Suppose f + 4*f - 1 = -3*v, 2*v + 41 = x*f. Let z(d) = d**3 + 9*d**2 + 7*d - 7. What is z(v)?
1
Let p(r) be the third derivative of r**6/60 - 17*r**5/60 + r**4/6 + 13*r**3/6 - 54*r**2 - 32*r. Give p(8).
-19
Let d(o) = 5*o - 14*o + 17 + 23*o - 32*o - 8*o. Determine d(1).
-9
Let y(t) = -t**2 + 28*t + 1172. Let k be y(-23). Let l(w) = -18*w**2 + w - 1. What is l(k)?
-20
Let d(z) = 2*z**2 - 19*z - 6. Let p(b) = -2*b**3 - b**2 + 3*b + 4. Suppose -34*h = -26*h + 16. Let c be p(h). What is d(c)?
4
Let c = -143 - -121. Let v be 408/187 + 4/c. Let q(t) = 2*t**3 - 4*t**2 + 3*t - 2. What is q(v)?
4
Suppose 0 = 4*w - 2*w + 18. Let n(k) = k**2 + 8*k - 9. Let i be n(w). Let q be (-5 + (1 - 0))*(1 - i). Let p(v) = v**2 + 3*v + 4. Give p(q).
8
Let i(c) be the second derivative of -c**3/6 + 17*c**2/2 + 4*c - 394. Calculate i(6).
11
Let s(x) = 7*x + 107. Let z be s(-15). Let l(i) = 4*i**2 - 4*i**3 + 11 - 6*i**2 + 11*i**z + 3*i**3 - 8*i. Give l(8).
11
Let k(t) be the first derivative of t**2/2 + 8*t - 1. Let d = 954 + -949. Suppose 0 = 6*w + 31 + d. Determine k(w).
2
Let m(l) be the third derivative of -l**4/6 - l**3/3 - 11*l**2. Suppose 3*n + 0*n = 27. Suppose 4*q = 20, -4*q - n = -o - 32. What is m(o)?
10
Let i(y) be the second derivative of -y**4/12 - 14*y**3/3 - 119*y**2/2 + 2*y - 14. Calculate i(-23).
-4
Let l(c) be the third derivative of c**6/30 + c**3/2 - 21*c**2 + 24. Determine l(2).
35
Suppose -78 + 6 = -4*r. Suppose -4*o + 7*o - r = 0. Let m(a) = -27*a + 72*a + 7 - 25*a - 22*a. What is m(o)?
-5
Let k = -1 - -18. Suppose -r - 304 = -k*r. Let h(f) = -7*f - 10*f**2 + r*f - 10*f - 3*f**2 - 1. Calculate h(1).
-12
Let u(b) = 2*b - 1. Let m(z) = -z**2 + 2*z - 25. Let n(a) = m(a) + 4*u(a). Let y be n(5). Let h(o) = o**3 + 6*o**2 + 6*o + 6. Give h(y).
14
Let i(t) = 7*t**3 - t**2 + 2*t + 1. Let z be 11/(-12) + 4/(-48). Calculate i(z).
-9
Let w be (-23 + (-945)/(-42))/((-1)/22). Let k(o) be the first derivative of -7*o - w - 1/2*o**2. Determine k(-5).
-2
Let r(f) = -f**3 - 3*f**2 - 5*f - 5. Suppose 61 = 5*s + 2*g, 5*s = -g + 71 - 13. Suppose 0 = 3*x + p + s, -x - 5*p + 5 = 4. Determine r(x).
31
Let v(j) = 7*j + 97. Let n = -4003 + 3990. Calculate v(n).
6
Let j(h) = 41*h + 79. Let s = -12641 - -12639. Calculate j(s).
-3
Let m(x) = x**3 - 6*x**2 - 10*x. Let c = -8 - -11. Let u be (-5 - -1 - c)/(-1). What is m(u)?
-21
Let b be -3 - (0 + 8 + -15). Let c(s) be the first derivative of 1/4*s**4 - 7*s + 8 + b*s**2 - 8/3*s**3. Give c(7).
0
Let o(h) = h**2 - 425*h + 4964. Let f be o(12). Let l(g) = -9*g**2 + 6 + 4*g + 5*g + g**3 - 2*g. What is l(f)?
-2
Let d(z) = -z**3 - 15*z**2 + 36*z - 9. Let b(h) = 2*h**3 + 21*h**2 + 39*h + 91. Let r be b(-9). Calculate d(r).
-43
Let z(b) be the first derivative of b**3/3 + 5*b**2/2 - 14*b + 64. Let p be z(-7). Let i(r) = -r + 16. Determine i(p).
16
Let b(i) = -i**2 + 4*i + 6. Let p be b(5). Let t(l) be the second derivative of 5*l**3/6 - 7989*l. What is t(p)?
5
Let r(d) = -4*d + 114. Let i be r(28). Suppose 6*t - 64 = -i*t. Let w(q) = -q**2 + 12*q + 2. Determine w(t).
34
Let w(i) be the third derivative of i**6/120 - i**5/15 - 5*i**4/24 - 2*i**3 + 1218*i**2 - 2. What is w(5)?
-12
Let o be 18/108 + -2*35/(-12). Let n(z) = 17*z - 14. Let u(w) = -11*w + 9. Let y(d) = -5*n(d) - 8*u(d). What is y(o)?
16
Let a(t) be the first derivative of t + 24 - 1/4*t**4 + 3*t**2 - 4/3*t**3. Calculate a(-5).
-4
Let c(i) = -4*i - 54. Let f = 4079 - 4088. Determine c(f).
-18
Let n(k) = k**3 + 13*k**2 + 13*k - 16. Suppose -3*h = -12*x - 144, 12*x + 15 = 11*x + h. Give n(x).
83
Let f be -2 - 2 - -1 - -2. Let x be (f/(-2))/1 + (-13)/(-26). Let b be (-6 + 15/(-5))*x. Let a(s) = -s - 6. Give a(b).
3
Suppose -2*y - 26 = -4*v, 9*v = 11*v - 2*y - 16. Let p(q) = -q**3 + 4*q**2 + 4*q - 1. What is p(v)?
-6
Let v(f) = -f**3 - 132*f**2 - 396*f - 1147. Let l be v(-129). Let y(n) = n**2 - 17*n - 9. Calculate y(l).
-51
Let n(h) be the first derivative of -h**4/12 + h**3/3 + h**2/2 - 80*h + 213. Let f(y) be the first derivative of n(y). Calculate f(-5).
-34
Let b(z) = -7*z + 8. Let t(a) = 10 - 3 + 4*a - 11. Let n(u) = 3*b(u) + 5*t(u). What is n(2)?
2
Suppose -2*t + 10 - 4 = 0. Let q(d) = 146*d - 3*d**2 - t*d**2 - d**3 + 2*d**3 - 150*d - 8. Calculate q(7).
13
Let f(g) = -6 + 4 + 1 - 1 - 3*g. Suppose 3*a + 7 = q, 0*q - 5*q + 35 = -5*a. Calculate f(q).
-23
Let c(g) be the third derivative of 0 - 2*g**2 - 1/3*g**3 - 1/24*g**4 + 66*g. Give c(0).
-2
Suppose h = -4*g - 8, 5*h - 4*g + 25 = -9*g. Let l(n) be the first derivative of n**3/3 + n**2 + n + 78. What is l(h)?
9
Let q(m) = -m**2 + 1. Let a(g) = -8*g**2 - 6*g. Let d(i) = a(i) - 6*q(i). Suppose 661 - 337 = 26*p + 428. Determine d(p).
-14
Let b(q) = -q**2 + 3*q + 4. Let r be 22 + -2*1 + 14 + -15. Suppose 6*c - 3*n = c + r, -4*c - 2*n + 24 = 0. Determine b(c).
-6
Let z(n) = -n - 5. Suppose 63 = 4*q + 3. Suppose 2 = -i - 5*u, u + q = 13. Calculate z(i).
-13
Let s = -139 - -142. Let y(l) = -37 + s*l - 36 + 70. Calculate y(-6).
-21
Suppose -4*r - 8*r = -19644. Let x = -1159 + r. Let f(h) = x*h**2 + 0 + 0 + 2*h - 481*h**2. Calculate f(2).
-8
Let h(a) = -4*a**3 + 101*a**2 - 22*a - 75. Suppose 526 = 43*p + 18 - 567. Determine h(p).
0
Let r(z) = -z**3 - 7*z**2 - 3*z + 7. Let u(a) = 9*a - 55. Let n be u(7). Suppose 2*t + 9 = g - n, 4*g - 14 = -t. Determine r(t).
-11
Let k(b) = -b**2 - b - 21. Let c(z) = -2410*z**3 - 2*z**2 + 5*z + 2409*z**3 - z. Let m be c(0). Give k(m).
-21
Let w(n) = 2*n + 51. Let g be w(-19). Let v be (14 - -6)/5 - g. Let f(c) = -c**2 - 9*c + 5. Give f(v).
5
Let l(w) = -14*w + 158. Let z = -17164 - -17175. Determine l(z).
4
Let c = -8495 - -8497. Let w(z) = -2*z**3 + 3*z - 6. Calculate w(c).
-16
Let t(x) = 7*x**2 - 3*x - 1. Let q(b) = -2*b**2 - 37*b + 33. Let v be q(-19). Suppose 1576*f + v = 1569*f. Determine t(f).
33
Let a(u) = 0*u - 122 + 161 - 5*u. Give a(7).
4
Suppose 0 = -5*l + d + 35, 0 = l + d + 224 - 237. Let r(p) = p**3 - 9*p**2 + 13*p - 13. Give r(l).
27
Let f = -163798 + 163797. Let z(q) = 4*q + 3*q - 3*q. Give z(f).
-4
Let g(h) = 112*h - 21. Let r(z) = -18*z + 1. Let n(t) = -g(t) - 6*r(t). Give n(9).
-21
Let b(o) = o**2 - 24*o + 94. Suppose -38*t = 4*p - 43*t - 86, -4*t = -3*p + 65. Det